+ 3 - 18*v. Let j(z) = 5*a(z) - 4*l(z). Give j(c).
18
Suppose -15975*z = -15983*z + 40. Suppose 4*v - 50 = -10. Let q(s) = v*s - 3 - z*s - 4*s. Calculate q(2).
-1
Suppose -3*l + 5 = -76*s + 75*s, -2*l = 5*s + 25. Let i(p) = 3*p**2 - 5*p + 19. Calculate i(l).
19
Let z(d) be the third derivative of d**6/120 + d**5/10 - d**4/12 - 3*d**3/2 + 3*d**2 - 1451. Give z(-6).
3
Let n(h) = -h + 3. Let o be 5*(-7)/(-140) - 19/(-4). Suppose -4*a + 10*f - 24 = o*f, 0 = -3*f. What is n(a)?
9
Let s(d) = d**2 + 18*d - 63. Let c be s(5). Suppose -8*h - 5*h = c. Let l(o) = o**2 + 3*o - 9. Determine l(h).
-5
Suppose 5*r - 2*k = 1041, -4*k + 677 = 2*r + 251. Suppose 5*w - 24*w + r = 0. Let a(n) = -n + 13. Give a(w).
2
Let v(u) be the first derivative of u**4/4 - 3*u**3 + u**2 - 9*u - 1. Let c be 506/(-22) - (-544)/17. Give v(c).
9
Let q(c) be the first derivative of -c**4/4 - 19*c**3/3 - 17*c**2 + c + 24. Calculate q(-17).
1
Let v be 4/16 + (135/(-12) - 10/(-2)). Let j(z) = -13*z - 58. Calculate j(v).
20
Suppose -35*l + 4*d = -37*l + 26, 3*d - 24 = 3*l. Let f(g) be the first derivative of 8*g**3/3 - g**2 - g + 1. What is f(l)?
9
Let c(m) = -8*m**2 + 10*m + 10. Let g(y) = -4*y**2 - 360*y - 1. Let u be g(-90). Determine c(u).
-8
Let s(x) = -3*x**2 - 1. Let u(l) = -28*l**2 - 3*l - 4. Let d(o) = 8*s(o) - u(o). Let c(v) = v**2 - 7*v - 3. Let h be c(7). Determine d(h).
23
Let z(f) = 4255*f**2 + 5 - 1417*f**2 - 1417*f**2 - 1423*f**2 + 10*f. What is z(7)?
-23
Suppose -98*i - 149 = 109 + 36. Let b(z) = 3*z**3 + 2*z**2 - 5*z - 19. Give b(i).
-67
Let c be 9*(-19)/(-342)*2/3. Let b(z) be the first derivative of -c*z**3 + 3 + 5/4*z**4 + 1/2*z**2 + z. Calculate b(-1).
-6
Let r(d) = d**3 + 11*d**2 - 4*d + 11. Let s(o) = -2*o**2 + o + 95. Let a be s(0). Let u be (11/(-5))/(19/a). Calculate r(u).
55
Suppose 109*o = 56*o + 49*o - 20. Let s(g) = 8*g + 37. Calculate s(o).
-3
Let q(j) = 4*j - 4*j + 9 - 4*j. Suppose 31*d + 51596 - 51720 = 0. Give q(d).
-7
Let v = -1593 - -1593. Let o(u) = 4*u**2 - 2*u + 40. What is o(v)?
40
Suppose 0 = -7*s + 11*s - 12. Suppose s*u = f + 6 + 3, 5*u = 5*f + 45. Let z be (-4)/((-12)/f) + -14 + 6. Let b(l) = -l - 7. Calculate b(z).
4
Let a(p) be the third derivative of -p**6/120 - p**5/60 + p**4/24 - 12*p**2. Let q be 5/(-5) - (-3 - 4). Suppose 2*c + q = 8. What is a(c)?
-1
Let q(g) = 6*g - 130. Suppose 644 = -2799*j + 2827*j. Determine q(j).
8
Suppose 23 = -22*v - 12 - 53. Let p(o) = 25*o + 39. Calculate p(v).
-61
Let g = 1 + 2. Let p(r) = -r - 3*r - r**3 + 0*r**3 - 2 - g*r**2. Let y = -12831 - -12828. What is p(y)?
10
Let l be (-43 - (9 + -8)) + 27. Let n(u) = 3*u**2 + 53*u + 29. What is n(l)?
-5
Let p(h) = 2*h**2 - 12*h + 2. Let q(u) = 25*u + 3 - 10 - 3 - 46*u - 10*u**2 - 130*u. Let a be q(-15). Calculate p(a).
-8
Let g(t) = 2*t - 3. Let u(n) = -4*n**2 - 92*n**3 - 29*n + 91*n**3 + 20 - 13*n**2. Let f be (11/(-4) - 1)/((-1)/(-4)). Let k be u(f). Calculate g(k).
7
Let i(b) = -b**3 - 5*b**2 - 6*b - 2. Let d be i(-4). Let k(m) be the second derivative of m**3 - 3*m**2/2 - 9007*m. Determine k(d).
33
Let x(z) be the first derivative of -2*z**3/3 + 37*z**2/2 - 48*z - 6054. Calculate x(17).
3
Let k(x) = -9*x + 0*x + 6 - 3. Suppose 0 = -o - 3*j + 11, 12 = -29*o + 32*o + 2*j. Calculate k(o).
-15
Let l(n) = 2*n**3 + 7*n**2 - 16*n + 10. Let c be l(7). Let k(z) = 309 - z + 308 + 309 - c. Suppose 2*m - 2*v - 2 = 0, 2 = 2*m + 4*v - 2*v. What is k(m)?
-2
Let q(n) = n**2 - 6*n - 1. Suppose 2*o + 3*o - 22 = -3*c, -o - 18 = -5*c. Suppose 3*t - u - 30 = -o*u, t + 4*u - 10 = 0. Suppose 8*h + 14 = t*h. Give q(h).
6
Let y be 29 + 11 + -20 - 1/1. Let z(x) = x**3 - 21*x**2 + 38*x - 10. Calculate z(y).
-10
Let v(y) be the first derivative of y**3/3 + 3*y**2 + 5*y - 138. Suppose -9*q = 63 - 18. Determine v(q).
0
Let g(q) = q + 5. Suppose -11*b - 14 = -3*u - 6*b, 2*u - 2*b - 4 = 0. Determine g(u).
3
Let k(n) = -81*n + 1368. Let y(j) = 16*j - 261. Let f(a) = 3*k(a) + 16*y(a). Determine f(5).
-7
Let y = 199 - 206. Let c(k) = k**3 - 16*k**2 - 17*k + 6. Let f be c(17). Let t(z) = -1 - 1 + 15*z**3 + 8*z**2 - 14*z**3 - f*z - 2*z**2. What is t(y)?
-9
Let v(w) be the third derivative of 1/3*w**3 - 1/60*w**5 + 3 + 0*w - 4*w**2 - 7/24*w**4. Calculate v(-4).
14
Suppose 0 = -15*p + 40*p - 7075. Let w = p + -288. Let o(k) = k + 15. What is o(w)?
10
Let c(z) = z**3 - 17*z**2 - 17*z - 25. Suppose 598 + 10 = 251*q - 3910. Calculate c(q).
-7
Let s(k) = 3*k**2 - 3*k - 3. Let a be (-1 + -1)/(0 + 2). Let x be s(a). Suppose -5 = z - x. Let f(u) = -u**2 - 2*u - 1. What is f(z)?
-1
Suppose i = -3*i + 8. Let a be (i + -2)*(0 - -1). Let j be 2*((-1)/2 - 1) + a. Let r(k) = k**3 + 2*k**2 - 4*k - 1. Calculate r(j).
2
Let c(b) = -2*b**2 - 7*b + 23. Let r(j) = -2*j**2 - 3*j + 12. Let o(t) = 3*c(t) - 5*r(t). What is o(4)?
49
Let k(l) = 214*l - 81. Let q(o) = 43*o - 14. Let z(d) = -2*k(d) + 11*q(d). Calculate z(2).
98
Let f = 5 + -2. Suppose -3*k + 18 = -f. Let z(a) = 4016 - a**2 + 4017 + 10*a - 8036. Give z(k).
18
Suppose -3*p = -5 - 4. Let v be -14*3/18*9/p. Let t be 4 - v/(-7) - (4 + 2). Let n(g) = -g**3 - 2*g**2 + 3*g + 3. Calculate n(t).
3
Let o(d) = -4*d**3 - 6*d + 5*d**3 - 1671 + 2*d**2 + 1691 + 8*d**2. What is o(-11)?
-35
Let o(c) = -8*c**2 - 18*c + 8. Let j(p) = -9*p**2 - 21*p + 8. Let m(w) = -5*j(w) + 6*o(w). Give m(4).
-52
Let d = -6794/3 + 2265. Let n(p) be the second derivative of -1/20*p**5 + 5/2*p**2 - d*p**4 + 4/3*p**3 + 25*p + 0. Give n(-5).
-10
Let i(u) = 20 + 51*u + 118*u - 149*u - u**2. What is i(21)?
-1
Let s(a) be the third derivative of 1/120*a**5 + 0*a + 0*a**4 + 47*a**2 + 0 + 23/3*a**3. Let i(g) be the first derivative of s(g). Calculate i(-4).
-4
Suppose 37*v - 5*y - 2 = 40*v, 4*v - 2*y = -46. Let s(d) = d - d**3 - 11 - 9*d**2 - 4*d + 0*d. Give s(v).
16
Let k = -2 + 4. Let j be k - (3 + -2)*2. Let u(d) be the second derivative of d**5/20 - d**4/12 + 15*d**2/2 - 593*d - 1. What is u(j)?
15
Let f(y) = y + 5. Let a be (-8)/14 - 8745/(-77). Let b = a + -123. What is f(b)?
-5
Let b(i) = 19*i - 7. Suppose 159*m = -1324 + 1165. Calculate b(m).
-26
Let m be (120/(-180) - -1*26/(-6))*1. Let k(c) be the first derivative of -2*c**3 - 1/4*c**4 - 2 + 5*c - 3/2*c**2. What is k(m)?
-5
Let w be (-120 + 39)*4/(-36). Let y(x) be the second derivative of 1/6*x**3 - w*x + 11*x**2 + 0. Determine y(-9).
13
Let f(k) = 25*k - 63*k**2 + 122*k**2 + 9 - 49*k**2 - k**3. Determine f(12).
21
Let a = -3 + 12. Suppose -2*y + a = -3. Let v(q) = -4*q**3 - 4*q**2 - q - 3. Let z(j) = -65*j**3 - 59*j**2 - 8*j - 52. Let c(r) = -16*v(r) + z(r). Give c(y).
8
Let g(k) = 2*k**2 + 4*k - 30. Let d be (6/(-10))/((-1089)/110 + 10). Calculate g(d).
18
Let p(q) = -3*q. Let z(j) = -2*j**3 + 2*j**2 + 9*j - 13. Let n be z(2). Let i be n - 44/(-12) - 7/(-21). Calculate p(i).
-3
Let l(t) = 3*t + 4. Let x(o) = 7*o + 8. Let a(g) = 9*l(g) - 4*x(g). What is a(14)?
-10
Suppose -2 = 3*m - 2*r, 2*m - 1 = -5*r + 4*r. Let y(p) = p**2 + 2*p + 40. Let z be y(m). Let h = 43 - z. Let a(w) = -w**3 + 2*w**2 + 3*w - 1. What is a(h)?
-1
Let d(w) = w**3 - w**2 - 2*w. Let g be 48/(-4 + 70/15). Suppose -11*k + 8*k = -g. Let y be k/18 - (-8)/12. What is d(y)?
0
Let t(g) = g**3 + 17*g**2 + 16*g + 4. Suppose 5*o = 15*o - 190. Let r be -14 - (o/19 - (-1)/1). Give t(r).
4
Suppose 9*m = 7*m + 4. Let c = 669 + -568. Let t(p) = m + 1 + 104*p - c*p. Calculate t(-4).
-9
Suppose -7 - 2 = -3*u. Let f(a) be the third derivative of -a**5/60 + a**4/6 - a**3/6 - 565*a**2. Determine f(u).
2
Let f(b) = b**3 + 11*b**2 - 39. Suppose 0 = -110*t + 602*t + 4920. Determine f(t).
61
Let m(a) be the second derivative of a**3/6 - 4*a**2 + 2*a - 9400. Suppose -5*j + 4*g + 39 = 0, 0 = 5*g + 9 - 29. What is m(j)?
3
Let u(l) = -285*l**2 + 26 + 13*l + 150*l**2 + 136*l**2. What is u(-3)?
-4
Let i(h) = h**3 + 7*h**2 + 4*h + 4. Let l = 147 + -108. Let m = l + -42. What is i(m)?
28
Suppose 0 = -4*w - 4*p + 48, 4*w - 5*p = 7*w - 32. Let t = w - 20. Let y(d) = 13*d**2 + 4*d - 2. Let c(s) = 12*s**2. Let b(o) = c(o) - y(o). What is b(t)?
-10
Suppose 12 = 7*z - 3*z. Suppose o - 24 = 3*o - 3*r, -z*r = -12. Let u(w) = 11*w + 7. Let i(c) = -58*c - 35. Let p(n) = -2*i(n) - 11*u(n). Determine p(o).
23
Let r(p) be the second derivative of -p**3/6 + 6*p - 14. Let m(a) = -2*a + 2. Let z(k) = 2*m(k) + 2